m**2 + 2*m + 55. Give h(-6).
7
Let f(o) = o**3 - 14*o**2 + 18*o - 21. Calculate f(13).
44
Let l(r) = 3*r**3 - 8*r**2 - 8. Give l(4).
56
Let k(o) = -2*o**2 - 23*o - 3. What is k(-11)?
8
Let g(y) = -7*y - 71. Calculate g(-8).
-15
Let l(n) = -n**3 - 10*n**2 - 14*n + 22. Determine l(-8).
6
Let m(a) = a + 4. Calculate m(-7).
-3
Let v(j) = -30*j**2 - 115*j + 23. What is v(-4)?
3
Let r(o) = o**3 + 12*o**2 + 10*o + 17. Give r(-11).
28
Let v(p) = -3*p**2 - 25*p - 2. Determine v(-8).
6
Let i(a) = a**3 + 14*a**2 - 24*a - 6. Determine i(-16).
-134
Let u(t) = t**3 + 37*t**2 + 38*t + 58. Determine u(-36).
-14
Let y(x) = x**2 - 9*x + 14. Calculate y(7).
0
Let i(r) = -r + 12. Determine i(21).
-9
Let d(h) = h**2 + 2*h - 1. Calculate d(1).
2
Let x(b) = -b**3 - 20*b**2 - 39*b - 44. What is x(-18)?
10
Let i(l) = -5*l - 43. Determine i(-10).
7
Let i(a) = -a**3 - 4*a**2 + 2*a + 6. Give i(-4).
-2
Let q(t) = t**2 - 16*t - 34. Calculate q(18).
2
Let h(f) = -3*f**2 - 4*f - 6. Calculate h(-4).
-38
Let o(s) = -s**3 - 3*s**2 - 3*s + 9. Give o(-2).
11
Let w(q) = -q + 1. Calculate w(-6).
7
Let b(r) = r + 14. What is b(-7)?
7
Let v(i) = i**3 + 2*i**2 + i. Calculate v(-1).
0
Let k(s) = s**3 + 9*s**2 + 7*s + 3. Calculate k(-8).
11
Let a(l) = -7*l - 143. Give a(-24).
25
Let d(m) = -m**2 - 25*m + 34. Give d(-26).
8
Let o(c) = 2*c - 39. What is o(14)?
-11
Let l(v) = -v**2 + 24*v - 124. Calculate l(8).
4
Let r(t) = -t**3 - 8*t**2 + 7*t - 8. Give r(-9).
10
Let x(w) = -w**2 - 6*w + 10. Calculate x(-8).
-6
Let p(a) = 11*a - 92. Calculate p(7).
-15
Let a(v) = v - 9. Determine a(-12).
-21
Let k(n) = 3*n**3 - 15*n**2 - 2*n + 18. Calculate k(5).
8
Let y(t) = t**3 - 2*t**2 + 6*t + 11. What is y(-2)?
-17
Let g(w) = -w**3 - 18*w**2 + 20*w + 19. What is g(-19)?
0
Let z(x) = -2*x - 27. Give z(-9).
-9
Let i(p) = -p**3 - 2*p**2 + 6*p - 11. What is i(-4)?
-3
Let s(g) = -g**2 + 2*g + 18. Calculate s(6).
-6
Let q(v) = -v**3 + 5*v**2 - 4*v + 5. Calculate q(4).
5
Let a(f) = f**3 - 21*f**2 + 2*f - 23. Calculate a(21).
19
Let l(m) = -m**2 + m + 6. What is l(-11)?
-126
Let p(m) = m**2 - 8*m + 4. What is p(5)?
-11
Let y(t) = -t**3 + 9*t**2 - 8*t + 10. What is y(8)?
10
Let d(f) = f**3 + 24*f**2 + 45*f + 22. What is d(-22)?
0
Let q(u) = -u**2 + u + 3. Give q(-3).
-9
Let t(s) = -s**3 - 9*s**2 + 19*s - 31. What is t(-11)?
2
Let n(c) = c - 28. Give n(6).
-22
Let u(r) = -8*r - 4. Determine u(3).
-28
Let u(t) = 2*t - 2. Give u(2).
2
Let u(t) = -4*t**2 + 10. Determine u(-5).
-90
Let y(x) = -25*x + 19. Calculate y(-2).
69
Let y(f) = 26*f + 14. Give y(-1).
-12
Let m(w) = 2*w**2 + 49*w + 38. What is m(-24)?
14
Let p(f) = -f**2 - 34*f - 78. Determine p(-32).
-14
Let a(j) = -j**2 - 13*j + 26. What is a(-15)?
-4
Let z(k) = -8*k + 19. What is z(9)?
-53
Let g(b) = 7*b. What is g(-1)?
-7
Let l(v) = 2*v + 20. Give l(-13).
-6
Let k(i) = -12*i - 375. What is k(-29)?
-27
Let y(b) = 3*b**2 - 17*b + 7. What is y(8)?
63
Let i(h) = -h**3 + 13*h**2 - 9*h - 12. Determine i(12).
24
Let w(t) = 2*t**2 + 10*t - 18. What is w(-8)?
30
Let g(s) = -s**3 - 5*s**2 + 2. Determine g(-2).
-10
Let x(j) = 6*j - 2. Determine x(-5).
-32
Let k(o) = o**2 + 4. What is k(3)?
13
Let s(o) = -3*o - 104. What is s(-37)?
7
Let y(c) = -2*c**2 - 15*c - 62. What is y(-5)?
-37
Let o(k) = 2*k + 30. Calculate o(-15).
0
Let m(n) = n**2 + 7*n + 12. Calculate m(-6).
6
Let p(g) = -4*g + 3. Calculate p(2).
-5
Let r(i) = i**3 + 6*i**2 + 6*i + 8. Calculate r(-5).
3
Let z(l) = -l**3 - l**2 + l + 2. Calculate z(-3).
17
Let i(u) = -u**3 - 4*u**2 + 4*u + 7. Calculate i(-5).
12
Let j(m) = 136*m - 1. Calculate j(1).
135
Let y(u) = u**3 + u**2 - u - 1. Give y(-4).
-45
Let u(b) = b**3 - 11*b**2 - 15*b + 21. Calculate u(12).
-15
Let b(w) = w**3 - 28*w**2 + 24*w + 73. What is b(27)?
-8
Let m(k) = k**3 + 18*k**2 + 23*k - 1. Determine m(-17).
-103
Let y(q) = -q - 8. Calculate y(-6).
-2
Let b(v) = -5*v + 3. Calculate b(3).
-12
Let h(g) = -g**3 - 3*g**2 - 10*g - 29. What is h(-3)?
1
Let p(f) = 15*f - 17. Determine p(1).
-2
Let t(h) = 10*h + 46. Give t(-5).
-4
Let w(f) = -f**2 - 5*f + 260. Give w(13).
26
Let n(w) = 8*w**3 - w**2. Give n(-1).
-9
Let d(p) = -p**3 - 9*p**2 - 8*p + 3. Give d(-7).
-39
Let a(q) = -q**3 + 6*q**2 - 7*q. Determine a(3).
6
Let i(f) = 41*f**2 + 1. What is i(1)?
42
Let w(j) = -18*j + 6. Calculate w(-1).
24
Let a(t) = -14*t - 5. Determine a(-1).
9
Let l(n) = -n**3 - 5*n**2 - 2*n + 4. Determine l(-4).
-4
Let v(p) = 10*p - 16. What is v(3)?
14
Let a(i) = -i**3 + 3*i**2 + 26*i + 6. Determine a(-3).
-18
Let l(f) = -f**2 - 2*f + 2. Determine l(-3).
-1
Let n(f) = 95*f - 194. Calculate n(2).
-4
Let g(s) = s**2 + 18*s + 48. Calculate g(-11).
-29
Let z(d) = d + 3. Determine z(5).
8
Let d(g) = g**3 - 6*g**2 + 2*g + 21. Determine d(5).
6
Let m(o) = o**3 + 13*o**2 + 13*o + 18. Give m(-12).
6
Let h(m) = -2*m**3 + 32*m**2 - 31*m + 6. What is h(15)?
-9
Let h(z) = -2*z**2 - 3*z. Give h(-4).
-20
Let u(g) = -g**2 - 22*g + 163. Give u(-28).
-5
Let w(m) = -m**2 - 14*m - 15. Give w(-14).
-15
Let j(s) = s**3 - 5*s**2 - 11*s + 3. What is j(7)?
24
Let o(m) = -m**2 - 19*m - 65. What is o(-15)?
-5
Let h(b) = -b**2 + 15*b + 15. Give h(15).
15
Let w(q) = -q**3 + 7*q**2 - 2*q - 28. Determine w(5).
12
Let d(n) = n**2 + 12. Calculate d(0).
12
Let u(q) = -q**2 + 6*q + 3. Calculate u(7).
-4
Let n(i) = i**2 - 12*i - 33. Calculate n(14).
-5
Let b(h) = h + 13. What is b(9)?
22
Let l(v) = v**3 + 6*v**2 - v + 8. Determine l(-6).
14
Let j(c) = 69*c + 10. Give j(2).
148
Let s(q) = -q**2 + 6*q - 2. Give s(3).
7
Let g(f) = 12*f - 1. Determine g(-2).
-25
Let u(m) = 2*m - 7. Determine u(-6).
-19
Let k(v) = 4*v**2 - 2*v + 3. Give k(-3).
45
Let r(s) = -3*s**2 - 7*s + 58. Calculate r(-6).
-8
Let c(m) = 2*m - 15. Determine c(-6).
-27
Let h(g) = g**2 - 9*g + 5. Determine h(8).
-3
Let s(u) = -u - 3. What is s(4)?
-7
Let n(s) = -s**2 - 12*s - 6. Determine n(-11).
5
Let z(o) = o**3 + 6*o**2 + 7*o - 9. Give z(-4).
-5
Let x(b) = 12*b**2 - 5*b - 25. Determine x(-3).
98
Let m(h) = h**2 + 8*h - 2. Calculate m(-9).
7
Let b(m) = -m**2 + 3*m - 2. Calculate b(3).
-2
Let h(r) = -r**3 - r**2 - 2*r - 53. Calculate h(0).
-53
Let y(a) = -36*a - 408. Calculate y(-11).
-12
Let m(x) = 9*x - 37. Determine m(6).
17
Let k(p) = p**3 - 4*p**2 + 3*p - 4. Calculate k(4).
8
Let c(i) = i**3 + 9*i**2 - 21*i - 23. Calculate c(-11).
-34
Let m(h) = -h**2 - 22*h + 10. Give m(-7).
115
Let r(m) = 5*m + 42. Determine r(-12).
-18
Let w(v) = v**2 + v + 5. Determine w(-5).
25
Let j(q) = -4*q**2 - 4*q + 4. What is j(-5)?
-76
Let g(j) = -j**2 + 9*j - 25. What is g(8)?
-17
Let s(o) = o**2 - 5. Give s(-3).
4
Let c(q) = q**3 + 9*q**2 - q - 9. Give c(-9).
0
Let u(b) = b**3 - 6*b**2 + b + 18. Determine u(6).
24
Let c(l) = l**2 - 12*l - 7. Give c(13).
6
Let c(n) = 8*n**2 + 2*n - 2. Give c(1).
8
Let x(i) = i**2 + 13*i - 173. What is x(-22)?
25
Let f(i) = -i**3 - 8*i**2 + i - 1. Give f(-8).
-9
Let a(d) = -2*d**2 + 29*d + 18. Calculate a(16).
-30
Let z(j) = j**3 + 21*j**2 - 43*j + 33. Determine z(-23).
-36
Let r(n) = n**2 - n + 12. Give r(0).
12
Let d(w) = w**3 - 11*w**2 + 2*w + 7. Calculate d(11).
29
Let n(q) = 2*q**3 - 26*q**2 + 17*q + 34. Give n(12).
-50
Let o(k) = k**3 + 10*k**2 - 9*k + 11. Give o(-11).
-11
Let y(w) = -w**3 + 7*w**2 - 3*w - 27. Determine y(4).
9
Let l(a) = 3*a**3 + 10*a + 9. Determine l(-1).
-4
Let v(g) = -g - 7. Give v(14).
-21
Let m(u) = -u**3 - 5*u**2 + 6*u + 3. Calculate m(-5).
-27
Let u(w) = 10*w - 13. Give u(-3).
-43
Let r(i) = -i**2 + 62*i - 431. Determine r(8).
1
Let k(t) = t**2 + 49*t + 7. Give k(0).
7
Let k(a) = 10*a - 78. Determine k(7).
-8
Let w(c) = 3*c + 6. What is w(4)?
18
Let y(n) = -n**3 + 15*n**2 - 37*n + 1. What is y(12)?
-11
Let r(w) = w**3 + w**2 - 6*w - 4. Determine r(-2).
4
Let c(t) = 6*t - 27. Determine c(-4).
-51
Let k(x) = x**3 - 8*x**2 + 12*x - 13. Give k(6).
-13
Let r(v) = -2*v**2 + 2*v + 4. Determine r(5).
-36
Let a(l) = -l**2 + l + 19. Give a(0).
19
Let q(u) = u**3 + 3*u**2 - 4. Determine q(-3).
-4
Let l(q) = -3*q**2 - 7*q + 1. What is l(-2)?
3
Let y(w) = w**2 - 5*w - 1. Give y(5).
-1
Let h(q) = -31*q - 111. Calculate h(-4).
13
Let t(f) = f**2 - 13*f + 5. What is t(13)?
5
Let o(d) = -8*d - 3. Calculate o(-5).
37
Let w(y) = y**3 - 2*y - 1. Calculate w(-1).
0
Let c(a) = a**2 - 7*a - 5. Give c(6).
-11
Let t(